(o) = o**3 - 4*o**2 - 4*o - 3. Let u be g(a). Suppose u*c - 69 = -c. What is the tens digit of c?
2
Let d(c) = -3 + 3*c**2 + 5*c - 8 - 2 - 13*c. What is the units digit of d(-4)?
7
Let v = 20 - 18. Suppose -5*q + 3*u = -19, v*u + 3*u = -4*q - 7. Suppose -4*n - d = q*d - 259, 4*d = -12. What is the tens digit of n?
6
Let h(b) = 4*b + 4. Suppose -k = -5*j + 6, -3*k + 2*k + 3*j = 0. Let w be h(k). Let l = w - 15. What is the units digit of l?
5
Let d(c) = -c**3 - 19*c**2 - 2*c - 20. Let t be d(-19). Suppose 0 = t*a - 11*a - 2240. What is the hundreds digit of a?
3
Suppose -2*c + 5*c = 12. Suppose 3*i = -c*z + 177, -4*i + 2*z - 3*z + 236 = 0. What is the units digit of i?
9
Let z(l) = -l**2 + 2*l + 2. Let a be z(9). Let o = -15 - a. What is the units digit of o?
6
Let q = 37 - 16. Let y be q*((-410)/(-35) - -4). Suppose -3*r = -8*r + y. What is the tens digit of r?
6
Let j(v) = v**3 - 10*v**2 + 8*v - 13. Let s be j(7). What is the units digit of 65/26*s/(-5)?
2
Suppose -184 = -2*s + 422. Let c = s - 215. What is the tens digit of c?
8
Let i(m) = 5*m**2 + 12 - 25 + 16 - 6*m. What is the tens digit of i(2)?
1
What is the units digit of (193 + -1)*17/3?
8
Suppose 3*m + 4344 = 8*q - 4*q, 0 = q + 5*m - 1109. What is the tens digit of q?
8
Let j(h) = -h + 14. Let o be j(10). Suppose -i + o*u = i - 64, -118 = -4*i - 2*u. What is the units digit of i?
0
Suppose 0 = y - 2*m - 114, 2*m = -2*y - 0*m + 228. What is the hundreds digit of y?
1
Let a(m) = -m + 73*m**2 + 2*m + 0*m - 3*m + 2. What is the tens digit of a(1)?
7
Suppose 0 = -5*n + 16 - 6. Suppose -18*q = -19*q + n. Suppose -7*k + 250 = -q*k. What is the units digit of k?
0
Suppose -4*s = 4*u - 3*s - 13, -3*s = 5*u - 18. Suppose g - u*y - 28 = 0, -4*y = -4*g - 69 + 213. What is the tens digit of g?
4
Let d be (1/(-3))/(12/(-144)). Suppose d*m + 206 - 550 = 0. What is the tens digit of m?
8
Let y(z) = z**3 - 5*z**2 - 5*z - 2. Let d be y(6). Suppose 5*f + 85 = 4*v + 29, -d*f = -v + 14. What is the units digit of v?
4
Suppose 31796 = 32*v + 9716. What is the hundreds digit of v?
6
What is the units digit of (-5167*4/20)/((-5)/25)?
7
Let a(c) = -c**3 - c**2 + c + 1. Let n(q) = 3*q**3 - 2*q**2 + 12*q - 26. Let t(b) = -4*a(b) - n(b). What is the units digit of t(-8)?
2
Let n(k) = -k**3 + 19*k**2 - 17*k + 11. Let i be n(17). Suppose 5*h - 3*u = i, 0 = -3*h + 2*u - 41 + 221. What is the units digit of h?
0
Let j(l) be the third derivative of l**5/60 - 5*l**4/12 - l**3/6 + l**2. Let s be j(11). Suppose -5*a - 2*d + 90 = -0*d, s = 2*d. What is the tens digit of a?
1
Let g = 22 + -14. Let x = 8 - g. Suppose x = -4*m + 33 + 31. What is the units digit of m?
6
Suppose 0 = -23*v - 1994 + 9009. What is the hundreds digit of v?
3
Let q(o) = 261*o**2 + 5*o - 5. What is the units digit of q(1)?
1
Let m = -2161 - -3134. What is the units digit of m?
3
Let l(r) = -5*r**2 + 11*r - 8. Let a(n) = -6*n**2 + 11*n - 7. Let i(p) = 4*a(p) - 5*l(p). What is the units digit of i(13)?
8
Let p(m) = m**2 - 2*m + 1. Let d be p(1). Suppose 4*g + d*g - 64 = 0. Suppose -2*s = h - 27, -2*h + 40 - g = -2*s. What is the tens digit of h?
1
What is the units digit of -1497*(-16)/12 + (-91)/13?
9
Let w(f) = -650*f**3 + 3*f**2 + 5*f + 1. What is the tens digit of w(-1)?
4
Suppose 0 = -o + 2*o - 2. Let n be -1*o/(-3)*18. Suppose 24 = 2*q - n. What is the tens digit of q?
1
Suppose -48229 = -17*k - 0*k. What is the hundreds digit of k?
8
Suppose -866 = -3*s - 2*a, 3*s + 5*a + 552 = 5*s. What is the hundreds digit of s?
2
What is the tens digit of 14/(-8) - (-1640384)/256?
0
Suppose -m - 5 + 1 = -4*u, -u = 2*m - 1. Let f = 201 + m. Suppose o - 2*w + 59 = 2*o, f = 3*o - 2*w. What is the tens digit of o?
6
What is the thousands digit of (1 + 6/18)*3 + 2544?
2
Let y = -589 - -907. Let a = y - 219. Suppose 0 = 2*z + 3*i - a, 20 = 6*i - 2*i. What is the units digit of z?
2
Let h = -82 + 431. What is the tens digit of h?
4
Let o = -3 - 23. What is the units digit of 78*(o/(-6) - 4)?
6
What is the units digit of (-21540)/(-17 - -7) - -4?
8
Let h(c) = -7*c + 15. Let u be h(6). Let l = -21 - -25. Let d = l - u. What is the units digit of d?
1
Let u(g) = 402*g**3 + g**2 - 3*g + 2. What is the tens digit of u(1)?
0
Let f(i) = i**2 + 4*i - 2. Let u be f(-5). Suppose -3 - 3 = -u*o. Suppose -o*r + 3*r = 2*t - 44, 5*t - 2*r - 111 = 0. What is the units digit of t?
3
Suppose 3*l + 1 = 3*o - 2, l + 1 = -2*o. Suppose o = 4*n + 2*n - 30. Suppose -2*h - 4*w - 23 = -n*h, 4*w = 16. What is the tens digit of h?
1
Let y = 489 + 374. What is the units digit of y?
3
Suppose -84 = 2*u + 2*u. Let q be u/(-14)*(-16)/(-6). Suppose -2*j - q*b = -88, 4*j - 84 - 142 = 2*b. What is the tens digit of j?
5
Suppose 279 = -7*o - 204. What is the units digit of (-1)/(2 + o/34)?
4
Let x = 6070 + -2691. What is the thousands digit of x?
3
What is the units digit of 36/45 + (-42)/15 - -28?
6
Let x(d) = 78*d + 102. What is the tens digit of x(16)?
5
Suppose 0 = 7*s - s - 3528. What is the tens digit of s?
8
Let d be 4 + 0 + (-1 - 3). Suppose -28*p + 23*p + 415 = d. What is the tens digit of p?
8
Let z be (-30)/(-8) - 2/(-8). Suppose 5*w - 464 = u, -z*w = -u - u - 376. What is the units digit of w?
2
Let g(p) = -5*p**2 - 8. Let i(h) = 4*h**2 + 7. Let f(c) = 5*g(c) + 6*i(c). What is the units digit of f(0)?
2
Let g(x) = -x**2 - 20*x - 58. Let z be g(-23). Let i = 124 - z. What is the tens digit of i?
5
Let g = -238 - -1329. What is the tens digit of g?
9
Suppose 1188 = -7*l + 11*l. What is the units digit of l?
7
Let r = 6129 + -2625. What is the hundreds digit of r?
5
Suppose 4*l - 24 = -16. Suppose -9*k + 4*k + 260 = 3*u, 104 = l*k + 2*u. What is the tens digit of k?
5
Suppose y = -4*y + 20. Suppose -122 = -4*m + 2*m - y*x, 266 = 5*m - 3*x. What is the units digit of m?
5
Let j(o) = 234*o + 2. Let k be j(2). Suppose k + 10 = 3*w. Suppose 3*v - 4*g - 8 = w, 4*g - 12 = 0. What is the units digit of v?
0
Suppose 9 = 3*u, 0 = 2*j - 4*u + 6*u - 1050. What is the tens digit of j?
2
Let o(t) = 10*t - 38. Let i be o(7). Suppose -3*p = -p - i. What is the tens digit of p?
1
Suppose 0 = 3*d - 4*x - 788 - 1166, 0 = 3*d - x - 1942. What is the tens digit of d?
4
Suppose 29 = 3*s - 5*c, 2*s + c - 6*c - 26 = 0. Let v(m) = m**3 + 2*m**2 + 3*m - 6. What is the units digit of v(s)?
8
What is the units digit of ((-72)/5)/(97/(-95) + 1)?
4
Let c(d) = -d**3 - 44*d**2 + 169*d - 118. What is the hundreds digit of c(-49)?
6
Let j = -19 + 6. Let o(t) = -t**2 - 15*t + 8. Let h be o(j). Suppose -3*x - h = -5*x. What is the tens digit of x?
1
Let q(m) = -7*m + 0*m - 6 - 4 - m**2. Let z(r) = -r**3 - 4*r**2 - r + 2. Let c be z(-2). What is the units digit of q(c)?
2
Let f = -464 - -856. What is the units digit of f?
2
Let i be -5 + 1 - (0 - (-3 - -38)). Suppose 2*o + h - 105 = 0, 5*o - 8*o - 3*h = -153. Let p = o - i. What is the tens digit of p?
2
Suppose -2*j = 2*a + 1285 + 1063, -3*j = -5*a - 5886. What is the tens digit of a/(-7) + 0 + -3?
6
Let p be (7/6)/(-7) - 726/(-36). Suppose -26*v + 342 = -p*v. What is the tens digit of v?
5
Let i(v) = 58*v - 8. What is the units digit of i(9)?
4
What is the hundreds digit of 101*40 + 18 + -18?
0
What is the tens digit of ((-6)/5*(-11720)/(-12))/(-1)?
7
Suppose 7*t - 162 = 1210. What is the units digit of t?
6
Suppose 0*x - 4*x = -g - 615, -5*x - 5*g + 800 = 0. What is the hundreds digit of 0 + x + 35/(-7)?
1
Suppose 4*q - 21 = x, -14 = -18*q + 15*q - x. Suppose -q*v = 2*v - 1295. What is the units digit of v?
5
Let j = -6 + 3. Let x(s) = -s - 2. Let f(b) = 2*b + 2. Let v(g) = -4*f(g) - 5*x(g). What is the units digit of v(j)?
1
Let z = 3 - 0. Suppose -m - 190 = -4*j + 76, j - z*m = 61. What is the units digit of j?
7
Let v(z) = 59*z + 19. Let h be v(9). Suppose 10*b = 5*b + h. What is the hundreds digit of b?
1
Suppose 5*c + 2*v = 7, -11 = 3*c + 7*v - 2*v. Suppose 0 = -3*t + 6, c*u + 5*t = -66 + 241. What is the tens digit of u?
5
Let u(a) = -9*a + 3. Let r(h) = -5*h**3 + h**2 + h. Let f be r(-1). Suppose f*j + 6 = 4*c, 5*j + 2 + 5 = 3*c. What is the tens digit of u(j)?
2
Let f = 18 + -15. Suppose -3*l + 3*x = -228, f*l - 4*x - 233 = -0*l. Suppose -3*c - 3*n + l = -2*c, 0 = -4*n + 12. What is the tens digit of c?
6
Suppose 12*q - 5193 - 2523 = 0. What is the hundreds 